3961 a composite number?
True
Is 15681 composite?
True
Is 85793 composite?
False
Is 34171 composite?
False
Is 22731 a composite number?
True
Is 564593 a prime number?
True
Is 46687 composite?
False
Is 53891 a prime number?
True
Is 995273 prime?
True
Is 683887 a prime number?
True
Is 471011 composite?
True
Is 73237 a composite number?
False
Is 72433 a prime number?
False
Is 34781 a composite number?
False
Is 96431 a composite number?
False
Is 55763 a prime number?
True
Is 1541 a prime number?
False
Is 6421 a composite number?
False
Is 26233 prime?
False
Is 43671 a composite number?
True
Is 22757 prime?
False
Is 92867 a prime number?
True
Is 421289 a composite number?
True
Is 1663 a prime number?
True
Is 96853 a composite number?
True
Is 649993 prime?
False
Is 40163 prime?
True
Is 434083 prime?
False
Is 548195 a prime number?
False
Is 1133567 a prime number?
False
Is 132679 a composite number?
False
Is 3093 a prime number?
False
Is 2395 a prime number?
False
Is 211 prime?
True
Is 160509 a prime number?
False
Is 13127 prime?
True
Is 121139 composite?
False
Is 113621 prime?
True
Is 18391 a composite number?
True
Is 16871 a prime number?
True
Is 6247 a prime number?
True
Is 57329 prime?
True
Is 58889 prime?
True
Is 9664223 composite?
False
Is 41365 composite?
True
Is 62683 a composite number?
False
Is 26387 a prime number?
True
Is 71899 a composite number?
False
Is 510311 a prime number?
True
Is 522113 a prime number?
True
Is 166373 a composite number?
True
Is 13745 prime?
False
Is 165603 composite?
True
Is 1361 prime?
True
Is 2229 a composite number?
True
Is 439667 a prime number?
True
Is 186551 a prime number?
True
Is 824713 prime?
False
Is 3223 a composite number?
True
Is 72731 a composite number?
True
Is 4421 a composite number?
False
Is 196111 a prime number?
True
Is 26971 composite?
True
Is 148081 composite?
True
Is 179167 a prime number?
True
Is 15839 a prime number?
False
Is 30757 composite?
False
Is 273697 a prime number?
True
Is 54787 composite?
False
Is 36359 a composite number?
True
Is 313917 prime?
False
Is 9985 a prime number?
False
Is 251657 prime?
False
Is 15313 composite?
False
Is 11677 composite?
False
Is 683 prime?
True
Is 11027 composite?
False
Is 807523 a composite number?
False
Is 3719 prime?
True
Is 213713 prime?
True
Is 2489263 prime?
False
Is 1483979 a composite number?
True
Is 55763 prime?
True
Is 52807 composite?
False
Is 1207691 a prime number?
False
Is 876419 prime?
False
Is 59263 a composite number?
False
Is 18119 a composite number?
False
Is 8885 a composite number?
True
Is 8497 a prime number?
False
Is 78497 a composite number?
False
Is 7993 a prime number?
True
Is 59323 a composite number?
True
Is 29119 a composite number?
True
Is 35747 a prime number?
True
Is 7433 a prime number?
True
Is 73043 a prime number?
True
Is 11695 a composite number?
True
Is 4165979 composite?
False
Is 7649 a prime number?
True
Is 1848185 a prime number?
False
Is 28201 prime?
True
Is 7919 a composite number?
False
Is 32321 prime?
True
Is 14113 a composite number?
True
Is 17086 a prime number?
False
Is 3822967 prime?
True
Is 824821 a composite number?
False
Is 89851 composite?
True
Is 3163 composite?
False
Is 801887 prime?
False
Is 45874 composite?
True
Is 2473 a composite number?
False
Is 22871 a prime number?
True
Is 3935819 prime?
True
Is 11003 a composite number?
False
Is 6297 composite?
True
Is 46619 a prime number?
True
Is 807607 a prime number?
True
Is 70639 a prime number?
True
Is 1224529 a prime number?
True
Is 24329 prime?
True
Is 5231 a prime number?
True
Is 290737 prime?
True
Is 12289 a composite number?
False
Is 10259 a prime number?
True
Is 2649371 a composite number?
False
Is 56273 composite?
True
Is 173018 a composite number?
True
Is 210181 prime?
False
Is 489449 a prime number?
True
Is 18059 a composite number?
False
Is 26407 prime?
True
Is 34022 prime?
False
Is 6387 a composite number?
True
Is 748169 a composite number?
False
Is 5147 prime?
True
Is 80291 prime?
False
Is 208433 a composite number?
False
Is 149651 prime?
False
Is 32999 a prime number?
True
Is 37939 a prime number?
False
Is 102307 prime?
False
Is 21481 prime?
True
Is 4663 a composite number?
False
Is 1303973 a composite number?
True
Is 40453 composite?
True
Is 98207 composite?
False
Is 3251 a composite number?
False
Is 5998 prime?
False
Is 1461 composite?
True
Is 2579 a composite number?
False
Is 35693 composite?
True
Is 705739 a prime number?
False
Is 34849 composite?
False
Is 596795 a composite number?
True
Is 345637 a composite number?
False
Is 5667 composite?
True
Is 41219 a composite number?
True
Is 6547 a composite number?
False
Is 899 a composite number?
True
Is 123973 composite?
False
Is 3687 a composite number?
True
Is 2494331 a prime number?
False
Is 576119 a composite number?
False
Is 85287 composite?
True
Is 6803 composite?
False
Is 83497 prime?
True
Is 36541 a prime number?
True
Is 13367 a composite number?
False
Is 210737 prime?
False
Is 12319 composite?
True
Is 218 a composite number?
True
Is 36773 a prime number?
False
Is 136499 a prime number?
False
Is 345511 composite?
False
Is 104739 prime?
False
Is 1979997 composite?
True
Is 2946635 composite?
True
Is 21578 a prime number?
False
Is 25153 a prime number?
True
Is 435817 prime?
True
Is 31067 a composite number?
True
Is 106531 composite?
False
Is 196723 a composite number?
True
Is 687049 a composite number?
True
Is 159223 a composite number?
False
Is 4759 a prime number?
True
Is 3949 a composite number?
True
Is 818299 a prime number?
False
Is 371719 composite?
False
Is 62233 a composite number?
False
Is 3659 prime?
True
Is 10133 a composite number?
False
Is 8663 a prime number?
True
Is 126529 prime?
False
Is 12889 prime?
True
Is 31951 prime?
False
Is 10511 prime?
False
Is 102137 prime?
False
Is 74747 a prime number?
True
Is 138377 a prime number?
False
Is 372194 composite?
True
Is 128813 prime?
True
Is 13798 a composite number?
True
Is 329151 a composite number?
True
Is 27021 a composite number?
True
Is 4861 a prime number?
True
Is 1153421 prime?
True
Is 7123 a prime number?
False
Is 302261 a composite number?
False
Is 23857 a composite number?
False
Is 1473 prime?
False
Is 5251 a composite number?
True
Is 5039 prime?
True
Is 90313 a composite number?
False
Is 1515229 a composite number?
False
Is 6263 a composite number?
False
Is 25891 a composite number?
True
Is 59191 a prime number?
False
Is 157709 composite?
True
Is 107551 prime?
False
Is 69107 prime?
False
Is 3608117 a composite number?
False
Is 14401 prime?
True
Is 436154 composite?
True
Is 140471 a composite number?
True
Is 342647 prime?
True
Is 32159 a composite number?
False
Is 13465 prime?
False
Is 42879 a composite number?
True
Is 26759 composite?
False
Is 409 a composite number?
False
Is 7331 a composite number?
False
Is 20627 composite?
False
Is 397819 composite?
True
Is 281057 prime?
False
Is 489683 composite?
True
Is 1042885 a prime number?
False
Is 22049 a composite number?
True
Is 15727 a prime number?
True
Is 83479 prime?
False
Is 1615891 a prime number?
True
Is 13415 a composite number?
True
Is 74093 composite?
False
Is 360265 prime?
False
Is 147037 composite?
True
Is 1097885 prime?
False
Is 9242 prime?
False
Is 1811 a prime number?
True
Is 178671 composite?
True
Is 11981 prime?
True
Is 107999 a prime number?
True
Is 1102289 composite?
True
Is 468651 composite?
True
Is 3137 prime?
True
Is 52291 composite?
False
Is 13 a composite number?
False
Is 2533 a composite number?
True
Is 1577 prime?
False
Is 23573 composite?
True
Is 1361 a composite number?
False
Is 2839 composite?
True
Is 23351 composite?
True
Is 2095 a prime number?
False
Is 16243 a prime number?
False
Is 122243 a composite number?
True
Is 2573 prime?
False
Is 541919 prime?
False
Is 721301 prime?
False
Is 177739 a prime number?
True
Is 68977 a composite number?
True
Is 35831 a prime number?
True
Is 1358537 prime?
True
Is 15013 a prime number?
True
Is 76787 a prime number?
False
Is 43519 a prime number?
False
Is 31379 composite?
False
Is 2449639 composite?
False
Is 10433 prime?
True
Is 478763 a composite number?
False
Is 161311 prime?
False
Is 492463 prime?
True
Is 6101 a composite number?
False
Is 240083 a prime number?
False
Is 38299 prime?
True
Is 253003 compo